13, 67
List the prime factors of 27985.
5, 29, 193
List the prime factors of 345.
3, 5, 23
List the prime factors of 2446.
2, 1223
What are the prime factors of 11272?
2, 1409
What are the prime factors of 86700?
2, 3, 5, 17
List the prime factors of 7290.
2, 3, 5
What are the prime factors of 38939?
23, 1693
List the prime factors of 1388.
2, 347
What are the prime factors of 3436?
2, 859
List the prime factors of 2091.
3, 17, 41
What are the prime factors of 884?
2, 13, 17
What are the prime factors of 1852?
2, 463
List the prime factors of 18270.
2, 3, 5, 7, 29
What are the prime factors of 1104?
2, 3, 23
What are the prime factors of 649?
11, 59
What are the prime factors of 2491?
47, 53
List the prime factors of 401.
401
What are the prime factors of 3141?
3, 349
List the prime factors of 4920.
2, 3, 5, 41
What are the prime factors of 13524?
2, 3, 7, 23
List the prime factors of 150.
2, 3, 5
What are the prime factors of 46163?
13, 53, 67
List the prime factors of 199.
199
List the prime factors of 8225.
5, 7, 47
List the prime factors of 3646.
2, 1823
List the prime factors of 1052.
2, 263
What are the prime factors of 2918?
2, 1459
List the prime factors of 714.
2, 3, 7, 17
What are the prime factors of 3098?
2, 1549
What are the prime factors of 75273?
3, 11, 2281
List the prime factors of 6519.
3, 41, 53
What are the prime factors of 1647?
3, 61
List the prime factors of 155.
5, 31
What are the prime factors of 3382?
2, 19, 89
What are the prime factors of 1954?
2, 977
What are the prime factors of 8161?
8161
List the prime factors of 38812.
2, 31, 313
What are the prime factors of 439?
439
List the prime factors of 6333.
3, 2111
What are the prime factors of 51217?
51217
List the prime factors of 972.
2, 3
List the prime factors of 3200.
2, 5
What are the prime factors of 16730?
2, 5, 7, 239
What are the prime factors of 4894?
2, 2447
What are the prime factors of 5059?
5059
What are the prime factors of 15013?
15013
List the prime factors of 257.
257
What are the prime factors of 8573?
8573
What are the prime factors of 18?
2, 3
List the prime factors of 1583.
1583
What are the prime factors of 22057?
7, 23, 137
What are the prime factors of 562?
2, 281
What are the prime factors of 18143?
18143
List the prime factors of 1276.
2, 11, 29
List the prime factors of 4649.
4649
What are the prime factors of 2219?
7, 317
What are the prime factors of 8477?
7, 173
What are the prime factors of 566?
2, 283
List the prime factors of 41560.
2, 5, 1039
List the prime factors of 59625.
3, 5, 53
List the prime factors of 17074.
2, 8537
What are the prime factors of 1530?
2, 3, 5, 17
What are the prime factors of 43656?
2, 3, 17, 107
List the prime factors of 5157.
3, 191
List the prime factors of 23248.
2, 1453
List the prime factors of 123.
3, 41
What are the prime factors of 665?
5, 7, 19
What are the prime factors of 7683?
3, 13, 197
List the prime factors of 1066.
2, 13, 41
List the prime factors of 2344.
2, 293
What are the prime factors of 1951?
1951
What are the prime factors of 4153?
4153
List the prime factors of 7266.
2, 3, 7, 173
What are the prime factors of 1464?
2, 3, 61
What are the prime factors of 23321?
23321
List the prime factors of 25357.
25357
What are the prime factors of 533?
13, 41
What are the prime factors of 13658?
2, 6829
What are the prime factors of 3660?
2, 3, 5, 61
List the prime factors of 5387.
5387
List the prime factors of 806.
2, 13, 31
What are the prime factors of 25444?
2, 6361
List the prime factors of 125216.
2, 7, 13, 43
What are the prime factors of 247?
13, 19
What are the prime factors of 120219?
3, 11, 3643
What are the prime factors of 35454?
2, 3, 19, 311
What are the prime factors of 963?
3, 107
What are the prime factors of 16229?
16229
What are the prime factors of 2783?
11, 23
What are the prime factors of 78680?
2, 5, 7, 281
List the prime factors of 8086.
2, 13, 311
What are the prime factors of 2825?
5, 113
What are the prime factors of 21066?
2, 3, 3511
List the prime factors of 4260.
2, 3, 5, 71
What are the prime factors of 12036?
2, 3, 17, 59
What are the prime factors of 150?
2, 3, 5
List the prime factors of 1897.
7, 271
What are the prime factors of 2346?
2, 3, 17, 23
List the prime factors of 4046.
2, 7, 17
List the prime factors of 14063.
7, 41
What are the prime factors of 176452?
2, 31, 1423
What are the prime factors of 71609?
101, 709
List the prime factors of 25916.
2, 11, 19, 31
What are the prime factors of 6377?
7, 911
List the prime factors of 48260.
2, 5, 19, 127
List the prime factors of 1714.
2, 857
What are the prime factors of 38472?
2, 3, 7, 229
List the prime factors of 54630.
2, 3, 5, 607
What are the prime factors of 38159?
11, 3469
List the prime factors of 3671.
3671
What are the prime factors of 74847?
3, 61, 409
What are the prime factors of 4773?
3, 37, 43
List the prime factors of 21791.
7, 11, 283
What are the prime factors of 5456?
2, 11, 31
What are the prime factors of 13075?
5, 523
What are the prime factors of 76776?
2, 3, 7, 457
What are the prime factors of 337?
337
List the prime factors of 527.
17, 31
What are the prime factors of 1290?
2, 3, 5, 43
List the prime factors of 644.
2, 7, 23
What are the prime factors of 32495?
5, 67, 97
What are the prime factors of 78168?
2, 3, 3257
What are the prime factors of 5453?
7, 19, 41
List the prime factors of 955.
5, 191
What are the prime factors of 6118?
2, 7, 19, 23
What are the prime factors of 799?
17, 47
List the prime factors of 1746.
2, 3, 97
List the prime factors of 54758.
2, 11, 19, 131
List the prime factors of 3047.
11, 277
What are the prime factors of 63?
3, 7
List the prime factors of 47822.
2, 23911
List the prime factors of 13043.
13043
List the prime factors of 8409.
3, 2803
List the prime factors of 49774.
2, 41, 607
What are the prime factors of 2773?
47, 59
What are the prime factors of 1572?
2, 3, 131
What are the prime factors of 13639?
23, 593
List the prime factors of 10768.
2, 673
List the prime factors of 123.
3, 41
What are the prime factors of 22901?
22901
What are the prime factors of 11474?
2, 5737
List the prime factors of 2854.
2, 1427
What are the prime factors of 2155?
5, 431
List the prime factors of 13919.
31, 449
What are the prime factors of 3396?
2, 3, 283
List the prime factors of 31511.
31511
List the prime factors of 38207.
13, 2939
List the prime factors of 93.
3, 31
What are the prime factors of 51628?
2, 12907
List the prime factors of 1132.
2, 283
List the prime factors of 6.
2, 3
What are the prime factors of 677?
677
What are the prime factors of 1491?
3, 7, 71
List the prime factors of 77291.
77291
What are the prime factors of 1497?
3, 499
What are the prime factors of 9312?
2, 3, 97
List the prime factors of 1643.
31, 53
List the prime factors of 2402.
2, 1201
What are the prime factors of 23253?
3, 23, 337
List the prime factors of 750.
2, 3, 5
What are the prime factors of 17159?
17159
List the prime factors of 10372.
2, 2593
List the prime factors of 84189.
3, 7, 19, 211
List the prime factors of 4176.
2, 3, 29
List the prime factors of 2652.
2, 3, 13, 17
What are the prime factors of 5772?
2, 3, 13, 37
List the prime factors of 710.
2, 5, 71
List the prime factors of 9255.
3, 5, 617
What are the prime factors of 13882?
2, 11, 631
List the prime factors of 10784.
2, 337
What are the prime factors of 2025?
3, 5
What are the prime factors of 16567?
16567
What are the prime factors of 41380?
2, 5, 2069
List the prime factors of 15535.
5, 13, 239
What are the prime factors of 62624?
2, 19, 103
What are the prime factors of 10234?
2, 7, 17, 43
List the prime factors of 466.
2, 233
List the prime factors of 11484.
2, 3, 11, 29
List the prime factors of 2377.
2377
List the prime factors of 60715.
5, 12143
What are the prime factors of 1049?
1049
What are the prime factors of 24227?
7, 3461
What are the prime factors of 3595?
5, 719
List the prime factors of 637.
7, 13
What are the prime factors of 1185?
3, 5, 79
What are the prime factors of 602?
2, 7, 43
What are the prime factors of 24343?
11, 2213
List the prime factors of 28045.
5, 71, 79
List the prime factors of 25554.
2, 3, 4259
List the prime factors of 28857.
3, 9619
List the prime factors of